= -2*p. Calculate the remainder when v is divided by 13.
12
Let x = -1 + 5. Suppose 5*t - o + 6 = 0, -2*o = -0*t + x*t + 2. What is the remainder when 20 is divided by t/(1 + 24/(-22))?
9
Let y(z) = 45*z**2 - 2*z - 2. Calculate the remainder when y(-1) is divided by 16.
13
Let c = -18 - -29. Suppose 3*t - 2 - 4 = -2*h, -5*h + 24 = 3*t. Calculate the remainder when (-3)/2*(-80)/h is divided by c.
9
Let n(x) = -x**3 - 4*x**2 + 2. Let j be n(-4). Let q(p) = -2 - 4*p + 7*p**2 + 4*p + j*p. What is the remainder when q(2) is divided by 16?
14
Suppose 0*z + 5*j + 72 = 3*z, -2*j = -z + 23. What is the remainder when 143 is divided by z?
27
Suppose 0 = 3*p - 5*t - 4, 0*p - p + 4*t = 8. Calculate the remainder when p is divided by (-2)/(-1 + (-4)/(-6)).
2
Let g = -2 + 3. Calculate the remainder when 37*(1 + 0/g) is divided by 10.
7
Suppose -4*u - 32 = -n, n = 2*n + 3*u + 3. Calculate the remainder when 44 is divided by n.
8
Let g(d) = 9*d - 3. Let y be g(7). Suppose -3*m - 3*j = 3, -2*j - 11 - 5 = -5*m. Suppose 7*v - m*v = y. What is the remainder when v is divided by 7?
5
Let r(m) = -m - 2. Let d be r(-2). Suppose 0 = -4*k - d*k. Suppose v - 2*i = 3, 3*v + 3*i - 4*i - 24 = k. What is the remainder when 16 is divided by v?
7
Suppose 4*j - 18 = 2. Suppose j*f - 28 = 4*z, 3*f + 4*z - 25 - 11 = 0. What is the remainder when 37 is divided by ((-26)/(-5))/(f/20)?
11
Let a(b) = b + 37. Calculate the remainder when 224 is divided by a(-12).
24
Suppose -1 - 1 = -2*x. Let f be x*(-2 + 4) - 0. What is the remainder when 30 is divided by (-2)/(-3)*33/f?
8
Let h = -18 - -43. Suppose 6*z = z + h. Suppose 2*j - z = -u, -3*j = 8 + 4. What is the remainder when 50 is divided by u?
11
Suppose 2 = -4*d - 2*m, -4*d + 2*m + 2 = -0. Suppose d = -3*n - 5*s + 38, 0 = -4*s + 15 + 1. What is the remainder when 16 is divided by n?
4
Suppose -3*q + 65 = 2*q. Calculate the remainder when q is divided by 4*1/((-3)/(-6)).
5
Suppose 0 = -3*q + 4*b + 13, 2*q - 17 = -2*q + 5*b. Calculate the remainder when 17 is divided by q.
2
Suppose -4*z = 3*c - 43, -5*c = 4*z - 10 - 75. Let a(f) = -f**2 + 20*f + 4. What is the remainder when a(18) is divided by c?
19
Suppose 0 = 2*m + m - 138. Calculate the remainder when m is divided by 16.
14
Suppose -2*l = 3*l - 95. What is the remainder when 37 is divided by l?
18
Suppose 0 = -2*t + 127 - 79. What is the remainder when t is divided by 9?
6
Suppose -5*h - 50 = -3*c, 2*c + 0*h = 3*h + 32. What is the remainder when 1/2 - 58/(-4) is divided by 82/c - 2/10?
7
What is the remainder when 104 is divided by 6 - (-38 - -5) - 3*1?
32
Let t(n) = n**2 - 2*n - 1. Let k be t(5). Calculate the remainder when 40 is divided by k/3*12/4.
12
Let g = 36 + -9. What is the remainder when 159 is divided by g?
24
Let o = 76 - 66. Suppose s + 2 = 4. What is the remainder when 39 is divided by 56/o*5/s?
11
Let q = -2 + 18. Suppose 775 = 3*v + 2*v. Suppose -6*y + y + v = 0. What is the remainder when y is divided by q?
15
Let d(o) = o + 1. Let h(z) = 2*z**2 + 5*z - 2. Let s(t) = -5*d(t) + h(t). Calculate the remainder when 41 is divided by s(3).
8
Suppose -12 = -g - 0*a - a, a + 16 = g. What is the remainder when 27 is divided by g?
13
Let o(z) = -28*z**2 + 4*z - 3. Let q be o(2). Let k = q + 156. Suppose 9 + 25 = 2*p. What is the remainder when k is divided by p?
15
Suppose 3*x - r - 37 = 0, -5*x + 3*r + 56 = -x. What is the remainder when x is divided by 8?
3
Suppose -4*d + 84 = -20. Let h = -13 + d. What is the remainder when h is divided by 7?
6
Let j(q) = 3*q**2 + 5*q + 5. What is the remainder when j(-2) is divided by 6?
1
Let f(o) = -o**2 - 6*o - 4. Let b(j) = -5*j - 2. What is the remainder when b(-4) is divided by f(-3)?
3
Let f = -84 + 43. Let p = -17 - f. What is the remainder when p is divided by 13?
11
Suppose -2*x + 23 = 1. Let y be 41 - (-1 - (1 - 1)). Let b = -10 + y. What is the remainder when b is divided by x?
10
Let u(k) = -10*k. Let z be u(-7). Suppose 3*s - 304 = -z. Calculate the remainder when s is divided by 20.
18
Suppose 15 + 5 = 4*z, -z + 57 = 4*t. Suppose 3*n + 4 = -2*l + 3, 0 = 4*l - 2*n - 22. What is the remainder when t is divided by l?
1
Let d(g) = -g - 9. Let l(f) = 5. Let o(n) = -6*d(n) - 11*l(n). Let m(z) = -z**3 + 6*z**2 + 2. Let p be m(6). What is the remainder when 20 is divided by o(p)?
9
Calculate the remainder when (22 - -8) + (-1 - 2) is divided by (12/(-10))/((-8)/100).
12
Suppose -3*b - 13 = -k, -12 = -0*b + 4*b. Let c be 564/14 - k/14. Suppose -3*y + c = y. Calculate the remainder when 29 is divided by y.
9
Suppose -2*w + 4 = -0*w. Calculate the remainder when 2 is divided by w.
0
Let h be 0*(-3)/6 - -2. Suppose 5*p - 129 = -4*d, -h*d - 36 = -p + 1. What is the remainder when p is divided by 1/1 + (-1 - -15)?
14
Suppose -3*z = -5*s + 372, 3*z + 2*z + 236 = 3*s. What is the remainder when s is divided by 27?
18
Let m(j) = -2 + 0*j - 6 + 1 - 2*j. Calculate the remainder when 5 is divided by m(-5).
2
What is the remainder when 3/(6/(-73))*-2 is divided by 19?
16
Suppose -3*n - n = i - 67, 15 = -3*i. What is the remainder when 51 is divided by n?
15
Suppose -5*c = 15 - 5. Calculate the remainder when (228/(-8) - 2)*-2 is divided by -1 + (-2 - c - -22).
19
Suppose -w - 17 = -f, 0*w = 2*w - 4. Let n be (f/(-2))/(1/2). Let z = 18 - n. Calculate the remainder when z is divided by 13.
11
Suppose -3*f - 61 = -310. What is the remainder when f is divided by 21?
20
Suppose -4*i + 211 = c, 0 = -3*i - 0*c + 3*c + 177. Calculate the remainder when i is divided by 5.
4
Let f(q) = -q**3 - 2*q**2 + 4*q + 1. Calculate the remainder when (4/(-6))/((-10)/495) is divided by f(-4).
16
Let d(x) = x**3 - 12*x**2 + 9*x - 5. Let k(z) = z**3 - 11*z**2 + 9*z - 5. Let g(i) = -3*d(i) + 4*k(i). What is the remainder when 35 is divided by g(7)?
8
Suppose 5*d = -4*f + 150 + 140, -2*d = -4. Let r = 61 + -37. What is the remainder when f is divided by r?
22
Let n(g) = g**3 + 6*g**2 + 4*g - 1. Let o be n(-5). Suppose 34 = o*i + 2. Calculate the remainder when 13 is divided by i.
5
Suppose 2*i + 4 + 0 = 4*z, 4*i - z - 6 = 0. What is the remainder when ((-3)/i)/((-9)/174) is divided by 11?
7
Suppose -10 = -6*j + j. Suppose 0 = -0*g - j*g + 10. Calculate the remainder when 14 is divided by g.
4
Suppose -2*g + 4*l - 6*l = -92, 3*g - 2*l = 113. Let b = 55 + -33. Calculate the remainder when g is divided by b.
19
Let u(x) = 4*x**3 - x**2 + 2*x - 1. Let a be u(1). Suppose -3*r - 2*p + 63 = 0, r - 3*p - 14 = -a. What is the remainder when 92 is divided by r?
16
Let z = -62 + 73. What is the remainder when 19 is divided by z?
8
Let r(b) = -b**3 - 6*b**2 - 8*b - 4. Let q(d) = -d + 4. Let a be q(5). Let u = -4 + a. What is the remainder when 21 is divided by r(u)?
10
Suppose -2*x - x = -141. Let i(u) = -u**3 + 6*u**2 - 3*u - 4. Calculate the remainder when x is divided by i(4).
15
Let x = -65 + 116. Let i(c) = 14*c**2 - 1. What is the remainder when x is divided by i(1)?
12
Let a be (-5 - 4)*(-2)/6. Suppose 2*y = a*y - 11. Calculate the remainder when y is divided by 6.
5
Let c be (0 + 8)*(-3)/(-6). Let r = c - -8. Suppose k - 34 + r = 0. Calculate the remainder when k is divided by 8.
6
Let h(w) = 3*w - 5. What is the remainder when ((-23)/1)/(15/(-15)) is divided by h(6)?
10
Let u = 5 - 1. Let f(d) = 6*d**2 - 2*d - 1. Let o be f(2). Let i = o + -16. Calculate the remainder when u is divided by i.
1
Let n = -10 - -10. Let k = 2 + n. What is the remainder when 4 is divided by k?
0
Suppose 2*f = 2, 145 = -r + 4*r + f. Let q = -11 - -20. Suppose 3*c + q = r. Calculate the remainder when 38 is divided by c.
12
Let w = -11 - -16. Suppose -149 = -2*c - w*x - 52, 4*c = 3*x + 207. What is the remainder when c is divided by 26?
25
Let p(o) = 19*o**2. Let a(c) = c**3 + 4*c**2 + 1. Let j be a(-4). What is the remainder when 37 is divided by p(j)?
18
Suppose -3*m - 11 + 35 = 0. Let k = -16 - -21. What is the remainder when m is divided by k?
3
Suppose 0 = -2*f + 6*f - 36. Let g(w) = 25 - 5 - w**2 + 6. What is the remainder when g(0) is divided by f?
8
Suppose -s = -4*s + 57. What is the remainder when 75 is divided by s?
18
Let t(n) = -n**3 + 8*n**2 + 3*n + 11. Calculate the remainder when t(5) is divided by 21.
17
Suppose -3*x - 15 = -5*o + 13, o = -4*x + 1. Calculate the remai